?
6
Suppose 0 = -3*s + h + 95, s - 4*h + 100 = 4*s. Suppose 2*t = -0*t + s. What is the tens digit of t?
1
Let n be 3 - (3/3)/(-1). Let g = n + 36. What is the tens digit of (-3)/(-2)*g/6?
1
Let b(z) = z + 11. What is the tens digit of b(0)?
1
Let u(s) = -4*s - 8. Let a(v) = -1. Let z(y) = 4*a(y) - u(y). Let h be z(3). What is the units digit of 3*(h/(-3))/(-2)?
8
Suppose 6 = -i - 3*p - 4, 0 = -4*p + 16. Let z be (-2)/(-11) - (-334)/i. What is the units digit of (1 + 0)/((-3)/z)?
5
Let f = 27 - -9. What is the tens digit of f?
3
Let x(o) = 43*o**2 + 2*o + 1. Let c be x(-1). What is the units digit of (-201)/(-7) + 12/c?
9
Suppose -3*z + 3 = -6. Suppose -z*y - 3 = -15. What is the units digit of y?
4
Let f be 14 + (1 - (-2 - 0)). Suppose 0 = -c + p + f + 2, 0 = -5*c + p + 111. What is the tens digit of c?
2
Suppose i + 210 = 3*k, -2*i + 0*i + 63 = k. What is the units digit of k?
9
Let y = 29 - 19. Let p be (y/(-3))/((-2)/3). Suppose -b - x - 1 = 0, 2*b - p*x + 3 = 22. What is the units digit of b?
2
Suppose 3*v - 2*a + 9 = -5*a, -4*v - 2*a - 12 = 0. Let i(y) be the first derivative of -y**2/2 + y + 1. What is the units digit of i(v)?
4
Let q = 22 - -4. What is the units digit of q?
6
Suppose -298 = 5*b - s, 2*b + 133 = -0*b + 5*s. Let t = b - -106. What is the units digit of t?
7
Let u(w) = w**3 - 10*w**2 - 5*w - 13. What is the tens digit of u(11)?
5
Let k(o) = -13*o**3 + 1. Let l be k(-1). Let u = l - 3. Let d = 18 - u. What is the units digit of d?
7
Let d be (-1 - -11)*(-3)/(-2). Let z be 6/d - 116/(-10). Suppose -2*a + a + 4*m = -3, 4*a - z = -m. What is the units digit of a?
3
Suppose -2*r = 2*r + 16. Let y(v) = v**2 + 3*v - 4. Let w be y(r). Let j = 5 - w. What is the units digit of j?
5
Suppose -5*l + 0*i + 2 = -2*i, l - 2*i = -6. Suppose l*s + 2*s = 44. What is the units digit of s?
1
Suppose -2*h = 2*u - 286, -213 = 3*h + u - 642. What is the hundreds digit of h?
1
Suppose 2*h - 2 = 0, h + h + 35 = f. Suppose -4*t = -3*g - f, 0*t = -4*g - 3*t - 16. Let x = 2 - g. What is the units digit of x?
9
Let n(t) = 2*t**3 - 14*t**2 - 9*t + 37. Let l(v) = -v**3 + 7*v**2 + 5*v - 18. Let d(j) = 13*l(j) + 6*n(j). What is the units digit of d(8)?
2
What is the tens digit of ((-9)/2 - -6)*202/3?
0
Let z(c) = -c**3 - 4*c**2 - 4*c - 2. Let w be z(-2). Suppose 5*m - 20 = 4*t - t, -5*m + 45 = 2*t. Let f = w + m. What is the units digit of f?
5
Let n = 10 - 6. Suppose -4*a - 4*w + 40 = -8*w, n*a + 3*w = 5. Suppose -2*v = -a*v + 30. What is the tens digit of v?
1
Let t = -14 - -16. What is the units digit of 27 - (-2)/(t - 0)?
8
Let w(t) = 5*t**2. Let j be w(-1). Suppose -14 = -j*b + 3*b. What is the units digit of b?
7
Let j(q) = -q - 1. Let u be j(3). What is the units digit of u/((-4)/7) - 4?
3
What is the units digit of 14/(-49) - (-37)/7?
5
Suppose 95 = -3*s + 4*c, 4*s - c + 160 = -4*c. Let i = s + 53. What is the units digit of i?
6
Let j(s) = s**2 - 8*s + 13. Let i be j(4). Let x(l) = -l**3 + l**2 - l - 4. What is the tens digit of x(i)?
3
Let z = -219 - -317. What is the tens digit of z?
9
Suppose -15 = -v + 6. What is the units digit of v?
1
Suppose 3*g - 54 = -g + 2*c, -2*g = -3*c - 37. Let u = 16 - g. Suppose u*w - 47 + 12 = 0. What is the units digit of w?
7
Let k = 9 + 71. What is the tens digit of k?
8
Let r(s) be the third derivative of s**6/120 + 7*s**5/60 + s**4/4 + 7*s**3/6 - 5*s**2. Let q(h) = -6*h. Let a be q(1). What is the units digit of r(a)?
7
Let a(c) = -c**3 + 10*c**2 + 3*c + 2. What is the tens digit of a(10)?
3
Let r be 2/4 - 35/(-10). Suppose -3*u = v - 28, -4*u = -u - 5*v - r. What is the units digit of u?
8
Let t be (-10)/(-4) - 6/(-12). Suppose 0 = 4*z - s - 37, t*z - 2*z - 8 = -s. What is the units digit of z?
9
Let h(z) = -6 - 2*z - 3 + 6*z**2 + 3*z**3 - 3*z**3 + z**3. What is the units digit of h(-6)?
3
Let i = -39 + 73. What is the units digit of i?
4
Let u = -3 + 7. Suppose -4*b - u*k + 3*k - 7 = 0, 2*k - 10 = 4*b. What is the units digit of (4/b)/(-4)*2?
1
What is the units digit of (140/50)/(4/290)?
3
Let f = -5 - -8. Suppose 2*l - 3*m = 0, m - f*m = -3*l + 5. What is the units digit of l?
3
Let n be (-2)/(-7) + 160/28. Suppose i - 3*v = 13, -5*v - 19 = -2*i + n. What is the units digit of ((-6)/4)/((-1)/i)?
5
Suppose y + 2 = -4*h + 1, 10 = -4*h + 2*y. What is the units digit of h/((2/9)/(-2))?
9
Suppose 5*d + 0*d - 4*g = -16, 2*d = 4*g - 4. Let f(b) = -b**3 - 3*b**2 + 4*b + 3. Let a be f(d). Suppose -a*y + 13 = -8. What is the units digit of y?
7
Let a(j) = j**3 + 10*j**2 + 15*j + 8. What is the units digit of a(-7)?
0
Suppose -9*q + 8*q = -43. What is the tens digit of q?
4
Let o(x) = -2*x**2 - x + 1. Let f be o(1). Let h be 6 + 3/(f - 1). Let a(i) = 2*i**2 - 7*i + 1. What is the units digit of a(h)?
6
Let k = -38 - -69. What is the tens digit of k?
3
Let k be (8/4)/(2/4). Suppose n + k*x = -3*n + 208, -3*x = 5*n - 254. What is the units digit of n?
9
What is the units digit of 26*1 + 2 + (-8 - -2)?
2
Let g = 16 - 13. Suppose -d = 2*c - 7*c + 106, g*c + 4*d = 82. What is the tens digit of c?
2
Let d(t) = 28*t - 26. What is the units digit of d(8)?
8
Suppose 5*a + 0 = -5*t - 45, -t + 2*a = 12. Let o be (-22)/(-4) + (-5)/t. What is the units digit of o/8*(-120)/(-5)?
8
Let b be 3*2*3/6. Suppose b*v + 3*q = -45, -6*v - q = -3*v + 35. Let r = v - -21. What is the units digit of r?
1
What is the tens digit of (-19)/(-1 + (-28)/12 + 3)?
5
Let f = -88 - -96. What is the units digit of f?
8
Let d = 6 + -15. Suppose 5*s = -2*w - 2, -1 = w - 5*s + s. Let m = w - d. What is the units digit of m?
8
Let n = 23 - 14. Suppose -3*m = -0 - n. Suppose 4*p - 9 = 3*a, -a + 11 = a + m*p. What is the units digit of a?
1
Suppose -s - 21 = 3*a, -4*a - 10 - 18 = 3*s. Let l(z) = 4*z + 3*z - 8 - 10*z + z. What is the units digit of l(a)?
6
Let c = -6 - -4. Let h be -2 - c*(-34)/(-4). What is the units digit of 2/6 + h/9?
2
Let a = -6 - -7. Let z = 2 + a. What is the units digit of z?
3
Suppose 53 = -3*g + 419. What is the hundreds digit of g?
1
Let n(k) be the third derivative of 5*k**4/8 - k**3/6 - k**2. What is the units digit of n(1)?
4
Suppose 3*l + 1 - 13 = 0. Suppose -12 = 5*k - k - 4*p, 5*k + 11 = l*p. What is the units digit of k?
1
Let f(c) = 5 - 3*c - 3*c**3 + c**3 + c**3 + 7*c**2 - 13. What is the tens digit of f(6)?
1
Suppose 1 = -b + 3. Suppose -b*l - 2*d = -22, 4*d - 46 = -4*l + d. What is the units digit of l?
3
Suppose -8*c - 155 = -3*c. Let g = c - -51. What is the units digit of g?
0
Let t = -15 + 5. Let o = 16 + t. What is the units digit of o?
6
Suppose -20 = 5*m - 155. What is the units digit of m?
7
Suppose 5*p - 1598 = -223. What is the units digit of p?
5
Let f(p) = -p**3 + 4*p**2 + 2*p - 4. Let s be f(4). Suppose -4*w - s*k = 8, 4*k = -0*w - 3*w - 10. What is the units digit of w/5 - 18/(-5)?
4
Suppose u + 3*u = -148. What is the tens digit of -1 - (-1)/((-1)/u)?
3
Let d = -11 - -21. What is the tens digit of d?
1
Suppose -3*d + v = -65 - 222, -4*v + 16 = 0. What is the units digit of d?
7
Let c(z) = z**3 + 5*z**2 - 3*z - 7. Let v be c(-6). Let g = 46 + v. Suppose 0 = -a + 3*b + g, 4*a - 29 = -0*a + b. What is the units digit of a?
6
Suppose 5*o + 5*m + 4 = -11, 2*o = 2*m + 2. Let r(s) = 5*s**2 - s. What is the units digit of r(o)?
6
Suppose r - 6*f = -f + 21, -r - 3*f - 3 = 0. Let u(n) = 2*n - 8. Let l be u(r). Suppose c + 11 = 5*s, -2*c + l = 2*c - 4*s. What is the units digit of c?
4
Let c(i) be the second derivative of -i**7/2520 + i**6/180 + i**5/120 - i**4/4 - i. Let a(r) be the third derivative of c(r). What is the units digit of a(3)?
4
Let l(f) = -f**2 + 4*f + 3. Let o be l(3). Suppose 3*p - 30 + o = 0. What is the units digit of p?
8
Suppose 4 = -2*x, -h + x - 10 = 2*x. Let o(s) = s**3 + 7*s**2 - 10*s - 7. What is the units digit of o(h)?
9
Suppose g - 29 = -f, -2*f + 4*f - 73 = -5*g. What is the units digit of f?
4
Suppose -3*y - 8 = -7*y. Suppose -y*h + 2 = -2. What is the units digit of h + 0 + -2 + 7?
7
Let m(q) = 8*q - 3. What is the tens digit of m(3)?
2
Let i(x) = 12*x**2 - 4*x + 3. What is the tens digit of i(2)?
4
Suppose 5*n = n + 5*i + 23, -5*n - i + 36 = 0. Let q = n - 5. Let w = 6 - q. What is the units digit of w?
4
Let t(s) = -s**3 - 9*s**2 - 2*s + 4. What is the tens digit of t(-9)?
2
L